+ 0*d**2 - 5*d**2 + 3*d. Let b(q) = q**2. Let n(v) = 3*b(v) + h(v). Determine n(j).
11
Let z(l) = -6*l - 5. Let h = -194 + 362. Let p = h - 163. Calculate z(p).
-35
Let f(x) = x**2 + 4*x - 11. Let l = 6371 - 6377. Calculate f(l).
1
Let g be 25 + (32 - 288/6). Let x(t) be the second derivative of -t**3/3 + 10*t**2 - 2*t. Determine x(g).
2
Let k(d) be the first derivative of 25*d**2/2 - 114*d - 3692. Give k(5).
11
Let a(j) = -j**2 - j + 25. Let v be a(3). Let q(x) = -x**3 + 11*x**2 + 25*x + 19. Give q(v).
6
Let b(j) = 2*j - 37. Suppose -13*o - 10*o = 33*o + o. Give b(o).
-37
Let j(g) = -9*g - 15. Let y(k) = -4*k - 8. Suppose 0 = -5*w + 8*w + 9. Let p(n) = w*j(n) + 7*y(n). Suppose 10*a + 21 = -59. Determine p(a).
-3
Let s(k) = k + 2. Let y(i) = 174*i + 1212. Let x be y(-7). Calculate s(x).
-4
Let w(l) be the second derivative of -17*l**4/12 + 8*l**3/3 + 8*l**2 - 1042*l. What is w(-1)?
-17
Let c(r) = r**2 + 1. Let d(m) = -m**2 + m + 48. Let x be d(0). Let o = x + -34. Let w = 16 - o. What is c(w)?
5
Let g(c) = -116*c - 3940. Let p be g(-34). Let h(d) = -22*d + 91. What is h(p)?
3
Let s(k) = k**3 - 2*k**2 - k - 2. Let c(o) = -o**3 - 6*o**2 - 11*o - 6. Let t be c(-4). Suppose 272 = -t*i + 38. Let g = -36 - i. Determine s(g).
4
Let o(f) = 2*f - 8. Let b(n) = 3*n - 15. Let p be -2 + (-2)/2*5. Let a be (231/(-308))/(6/(-32)). Let z(m) = a*b(m) + p*o(m). Give z(-3).
2
Let d(h) = -h**2 - 2*h - 4. Let u = -740 - -745. Suppose 0 = 3*a + u*s, -a = s + 3*s. Calculate d(a).
-4
Let a(l) = -l**2 - 32*l + 32. Let y be a(-31). Suppose -o + 62 = y. Let s(f) be the third derivative of -f**6/15 + f**5/60 - f**3/6 + 2*f**2. What is s(o)?
8
Let q(a) = 0*a - 1610 + 813 + 815 - 13*a. What is q(4)?
-34
Let w = -1477 - -1479. Let t(o) = 4*o - o**3 + w*o - 1113 + 6*o**2 + 1119. Let y be 20/3 + (-2)/(-6). Calculate t(y).
-1
Let c(z) be the second derivative of -z**4/12 + 3*z**3/2 - 21*z + 26. What is c(10)?
-10
Let t(o) = 364*o**2 - 23 - 17*o - 5 - 367*o**2. Let u(m) = 2*m**2 + 11*m + 19. Let k(g) = -5*t(g) - 7*u(g). Determine k(-8).
7
Let z(l) be the second derivative of l**4/12 + 3*l**3/2 + 5*l**2/2 + 3*l. Let y be -6 - (-5411)/28 - (-2)/(-8). Let b = y - 191. Determine z(b).
-15
Let t(m) = 28*m**2 - 45*m - 4. Let y be t(2). Let r(o) = 5 - y*o**2 - 9*o**2 + 26*o**2 + o - 2. What is r(3)?
-3
Let x be 17/(-5) - 133/(-95). Let m be (83 + -82)*(x + 1 + -1). Let r(z) = -3*z**3 - z**2 - 3*z - 1. Calculate r(m).
25
Let w(q) = 5*q**2 + 12*q + 5. Let d(g) = g**2 + g. Suppose 0*k - 40 = 5*k - 4*f, -4*k + 2*f = 26. Let c(h) = k*d(h) + w(h). Determine c(-5).
-10
Let v(a) = -74 - a**3 + 34 + 19*a + 33 + 48 + 9 + 20*a**2. Determine v(21).
8
Let g be ((-216)/(-56))/(24/56). Let l(i) = -i**3 + 8*i**2 + 8*i + 10. Calculate l(g).
1
Let h(r) = 39*r - 49. Let p(t) = -35*t + 48. Let n(v) = -8*h(v) - 9*p(v). What is n(11)?
-7
Let k(l) = -7*l - 1. Let i be 7/(70/(-3056)) + (-10)/25. Let z = -307 - i. Determine k(z).
6
Let b(o) = 3 - o - 2 + 3 - 14 - 22. Determine b(-26).
-6
Let b(w) = w**2 - 1. Let t(u) = 2 + 3480*u**2 + 4*u + u**3 - 3483*u**2 - 1. Let a(h) = 2*b(h) - t(h). Suppose -2*g + 7 + 3 = 0, 3*g = 3*c + 3. Determine a(c).
-3
Let i(g) = -5*g - 8 + 15*g - g**3 - g**2 + 8*g**2. Let f(d) = d**3 - 5*d**2 - 16*d + 23. Let z be f(7). Suppose 19*m + z = 161. What is i(m)?
8
Let n(z) = -364*z**2 - 18*z + 10. Let y(u) = 202*u**2 + 9*u - 5. Let q(v) = -5*n(v) - 9*y(v). Give q(-7).
30
Let o(r) = -r**3 - 12*r**2 - 21*r + 6. Let j be 1 + 11*(3 - 4). Give o(j).
16
Let w = 571 - 569. Suppose 83 - 77 = w*g. Let k(j) = -3*j + 1. Determine k(g).
-8
Let c(j) = -14*j - 4. Let p = -11776 + 11775. Calculate c(p).
10
Let b(v) = -2*v + 10. Suppose 47*s = 61*s - 56. Suppose -s*w = 5*h - 31, w + 6*h - 2*h - 5 = 0. Calculate b(w).
-8
Let x(q) = 2*q**2 - 3*q + 3. Suppose -26*k - 1061 = -359. Let h(u) = u**3 - 6*u**2 + 4*u - 4. Let w be h(5). Let f be w/1*6/k. Determine x(f).
5
Let j(c) = -4*c - 1 + 1 - 1. Suppose 3*o - 16*k + 1 = -14*k, -2*o - 5*k + 12 = 0. What is j(o)?
-5
Let c(t) = 2. Let v(g) = -2*g - 11. Let l(h) = -6*c(h) - v(h). Determine l(14).
27
Suppose 105 = 2*p - j, 3*j + 247 = 5*p - 15. Let k = 55 - p. Let s(d) = -3*d - 4 + 2*d - d**3 + k*d**3 - 5*d**2. Determine s(5).
-9
Let r(u) = -17*u - 11. Let i be r(-1). Let s(n) = n**2 - 7*n + 17. What is s(i)?
11
Let l(r) = -5*r + 12. Let v(b) = 15*b - 22. Let k(d) = -16*d + 21. Let a(z) = 4*k(z) + 5*v(z). Let i(f) = 6*a(f) + 13*l(f). Give i(-1).
-1
Let g(n) be the second derivative of 3*n**5/10 + n**2/2 + 12*n. Suppose -3*j + 8 = -64*h + 60*h, -3*h - 4*j + 19 = 0. What is g(h)?
7
Let p(a) = -10491*a**2 + 30*a - 25 + 10490*a**2 - 11. Give p(29).
-7
Let m(g) = 378*g**2 + 0*g - 14*g**3 - 376*g**2 + 3 - g**3 - 5*g. Give m(1).
-15
Let z = -13 + 21. Let q(s) be the first derivative of s**3/3 - 5*s**2/2 - 11*s - 1507. Give q(z).
13
Let b(r) = 20*r - 14. Let d be b(1). Let p(l) = -d*l - 6 - 11 + 50*l**3 - 51*l**3 + 9*l**2. Determine p(8).
-1
Let i(s) = -2*s - 2. Let t be i(-2). Let q be (5/(-15))/(148/(-24) + 6). Let n(b) = 0*b**2 + 3*b**q - b**3 + 0*b**t + 4*b - 6*b. Give n(2).
0
Let j(s) = 7*s - 4. Suppose -21*m = -25*m + 8. Let a(y) = 3*y - 1. Let t(z) = m*a(z) - j(z). Let o be 1/3 + (-16)/(-6). What is t(o)?
-1
Let p(m) = -m**2 - 5*m - 1. Let v = -134 + 140. Let y be ((-14)/v)/(32/96). Determine p(y).
-15
Let z(q) = -q**3 - 6*q**2 + 7*q - 1. Suppose j = 4*l - 9 + 44, 3*j + 5*l - 156 = 0. Let p = -52 - -92. Let n = p - j. Determine z(n).
-1
Let h(i) be the first derivative of 11*i**4/4 - 2*i**3/3 + i**2/2 + 14704. Let o = -3 - -4. Give h(o).
10
Suppose -6*z + 3*r = -2*z - 35, z + 2*r + 5 = 0. Let n(o) = -o + 0 + z - 5. Let s(y) = y**2 - 23*y + 94. Let j be s(17). What is n(j)?
8
Suppose 208*v = -a + 205*v + 31, 4*a = -5*v + 82. Let x(k) = -k**2 + 12*k - 20. Determine x(a).
-33
Let h = 53 - 320. Let s = h + 260. Let d(n) = 3*n + 2. What is d(s)?
-19
Let y(r) = 22*r**2 + 7*r + 2. Suppose q - 2*j = -3, 25*j - 27*j + 2 = 0. Calculate y(q).
17
Let i(v) be the first derivative of -1/4*v**4 - 9*v - 60 - 2*v**2 + 3*v**3. What is i(8)?
23
Let q(m) = -m**3 - 2*m**2 + 2*m - 7. Let g be ((-6625)/(-50))/53*(1 + -3). What is q(g)?
58
Let v(z) be the first derivative of 168 + 5*z + 5*z**2 - 8/3*z**3 - 1/4*z**4. What is v(-9)?
-4
Suppose -5*l - q = 9, l + 4 + 5 = -2*q. Let o be (0 - (-7 + 12))/l. Let k(v) = -v**3 + 3*v**2 + 4*v + 3. Give k(o).
-27
Let r(y) = 7*y + 111. Let j = -2708 - -2691. Determine r(j).
-8
Let c(l) = l**2 - 4. Let o be c(3). Let g(k) be the first derivative of 2*k**2 - 7*k - 1095. What is g(o)?
13
Let x = 17 - 12. Let w(j) = -x*j**3 + 34*j**3 + 5*j - 14*j**3 - 14*j**3 - 9*j**2 + 9. Give w(8).
-15
Let n(h) = 11*h**2 - 45*h - 4. Let l(a) = -16*a**2 + 43*a + 8. Let d(z) = 2*l(z) + 3*n(z). What is d(0)?
4
Suppose 2*c + 223 = 227. Let n(v) = -5*v**3 + v**c - 802*v + v**3 - 1 + 803*v. Calculate n(2).
-27
Let w(r) be the first derivative of -2*r - 3/2*r**2 + 144. What is w(5)?
-17
Let q(p) = -27*p**2 - 10*p - 9. Let v(b) = -b**2 - b - 1. Let j(d) = -q(d) + 9*v(d). Determine j(1).
19
Let n be -2*(-1)/(-7)*(-1407)/134. Let y be 4/((-8)/6) + 5. Let z(o) = -o + 6*o + 4*o - y - o**2 - 5*o. Determine z(n).
1
Let s = 50 + -45. Suppose 77 - 2 = s*d. Let w = -21 + d. Let r(p) = p**3 + 7*p**2 + 7*p + 5. Give r(w).
-1
Suppose -6*f = -8*f + 2. Let q = f - -2. Let z be ((-1)/3)/(q/(-63)). Let x(d) = -d**2 + 9*d - 4. Determine x(z).
10
Suppose 12 = -0*d + 3*d. Let t(m) = 0*m + d - 6*m + m + m**2 + 2*m. Suppose -3*c + 23 = 4*a, -2*c + 135 = 5*a + 108. Determine t(a).
14
Let c be (6/18)/((-4)/(168/(-2))). Let s(x) = c*x - 10*x + 7*x - 3*x + 9. Determine s(0).
9
Suppose 0 = -2*t - k + 13, -46 = -5*t - 4*k - 6. Suppose -27 = 2*p + t*a - 3, -4*p + 4*a = -12. Let s(z) = z**2 + z - 1. Give s(p).
1
Let a(f) = -2*f**2 + 15*f**3 + 1 - 4*f**3 + 4*f**3. Suppose 872 = -202*z + 203*z. Let h = z + -871. What is a(h)?
14
Let x(u) = 2*u**3 - 2*u**2 - 2*u + 2. Suppose 130 = 3*s - 5*m, 3*s + 5*m - 70 = s. Let t = -38 + s. Give x(t).
6
Let d(l) = -815258 + 33*l + 0*l**2 + l**2 + 815194. Calculate d(-35).
6
Suppose 4*u - 3*u - 136 = 0. Let q be (-30)/(-24) - 12/(-16). Let i(v) = u - v - 137 + 4*v**q - v**2. Calculate i(-2).
13
Suppose 886 = -4*t - 442. Let m be 33/(-88) - (t/32 - -1). Let p(a) = 